i = -13 - -10. Let s be (2 + -4)*1 + 31. Let o = s + i. What is the tens digit of o?
2
What is the tens digit of (15/(-4))/3*-2264?
3
Suppose -229*p + 225*p = -2916. What is the hundreds digit of p?
7
Suppose 11*k = 4*x + 17*k - 8484, 2*x - 4226 = k. What is the tens digit of x?
1
Suppose 5*k - 811 = -g, 0*k - 2*g = -3*k + 484. Suppose 0*v + k = 3*v. Let i = -39 + v. What is the tens digit of i?
1
Suppose -496*b - 69447 = -517*b. What is the thousands digit of b?
3
Suppose -5*v + 27 = -y, -4*v + 4*y = -2*v. Let k be (-1 - 0)*-2 - v. Let h(z) = 3*z**2 + z + 5. What is the tens digit of h(k)?
4
Suppose 0 = -0*d - 3*d - 18. Let q be d/(-14) + (-44)/(-28). Suppose 0 = -4*r + q*a + 31 + 5, r - 3*a - 4 = 0. What is the tens digit of r?
1
What is the tens digit of 45 - ((-3 - -1) + 6)?
4
What is the thousands digit of 3/(-4) + (-46002)/(-24) + 4?
1
Let v be 6/(-2)*(-1 + 2). Let l = -63 - -69. What is the units digit of (3/l)/(v/(-138))?
3
Let l(n) = n**2 + 2*n + 2. Let x be l(-3). Suppose 83 = x*s + 3*j, -2*j + 15 = s + 4. What is the units digit of s?
9
Suppose 22*c - 1336 = 21*c. What is the hundreds digit of c?
3
Let r(w) = -w**2 + 43*w + 150. What is the hundreds digit of r(35)?
4
Let q be -3 + (-5)/(0 + -5). What is the units digit of (q - -1)/((-3)/6)?
2
Suppose -5*c + 8*c = 2*v - 4672, 0 = 3*c + v + 4684. What is the units digit of 4/(-14) - c/168?
9
Suppose -9*r + 4147 = 4*r. Suppose 1022 = 4*n + 2*b, -4*b + 59 = -n + r. What is the hundreds digit of n?
2
Let q(c) be the second derivative of c**3/2 + 3*c**2/2 - c. Let p be 17/3 + 7/21. What is the tens digit of q(p)?
2
Let v be (-12)/(-36) - 5062/(-6). Suppose 15*u - v - 1061 = 0. What is the units digit of u?
7
Let g(r) = -2*r - 12. Let y be (7/(-3))/((-5)/(-15)). Let s be g(y). Suppose -5*o - 2*a = -189, 0 = 5*o - s*a + a - 198. What is the units digit of o?
9
Suppose -3*j - 179 = 49. Let z = 149 + j. Suppose 8*p = 377 - z. What is the tens digit of p?
3
Suppose -51*j - 3396 = -54*j. What is the units digit of j?
2
Suppose -3*d + 12 + 42 = 0. Suppose -7*h + d*h = 198. What is the tens digit of h?
1
Suppose 0 = 3*s + 3, 3*y + 0*s = -s + 44. What is the units digit of 223 - 15/(y/3)?
0
Let l(z) = z**2 - 14*z + 19. Let y be l(8). Let b = 49 + y. What is the tens digit of b?
2
Let k(x) = x**2 + 7*x - 6. Let f be k(-8). Suppose p + 3*p + d = 156, -3*p = -f*d - 106. What is the units digit of p?
8
Suppose 0 = -4*m + u + 4362, -1027 = -3*m - 3*u + 2252. What is the units digit of m?
1
Suppose 6*d - 3*d + 165 = 0. Let q = -38 - d. What is the units digit of (-1)/2 + q/2?
8
What is the tens digit of ((-4722)/4)/(-5 + 21/6)?
8
Let b = -1299 - -2439. What is the hundreds digit of b?
1
Suppose -3*a = -7*a + 5*g - 33, 0 = -2*a - 2*g - 30. What is the tens digit of ((-34)/3)/((-2)/a*-2)?
3
Suppose 2*d + 7*d = 306. What is the hundreds digit of (-404)/(-10)*85/d?
1
Suppose -4*w = -l - 1161 - 1096, 0 = 2*w - 2*l - 1124. What is the units digit of w?
5
Let b(v) = 8*v**2 + 75*v - 16. What is the tens digit of b(-13)?
6
What is the hundreds digit of (86/8 + -3)/(2/32)?
1
What is the tens digit of 522 + 2/4 + 4/8?
2
Let v(n) = -2*n - 4. Let m be v(-9). Let k = 18 - m. Suppose -k*t + 120 = -0*t. What is the tens digit of t?
3
Suppose -621 = -2*u - 3*f, -f = -3*u - 5*f + 934. Suppose 11*g - u = 45. What is the tens digit of g?
3
Let b = 2137 + -1386. What is the tens digit of b?
5
Let f(r) = -r**3 - 10*r**2 - 4*r - 8. Let g be -4 + 3/((-6)/(-68)). Suppose 0*i = -3*i - g. What is the tens digit of f(i)?
3
Let j be 5/10 - 13/(-2). Let h = j - 3. Suppose 5*f + 6*m - 5*m = 132, 0 = 2*f + h*m - 60. What is the units digit of f?
6
Let d = -25 + 123. Suppose -5*z = 10, 0*z + 3*z = 2*c - d. What is the units digit of c?
6
Let j = 1 - -3. Suppose -2*f + j*q + 28 = 0, -3*q - 4 - 2 = f. What is the units digit of f?
6
Suppose 0 = -u + 2. Suppose 0 = 3*b - k - 72, 0*k - 4*k - 63 = -3*b. Suppose 5*r = b, -4*r + 70 = 3*c + u*c. What is the tens digit of c?
1
Let i(h) = 45*h**2 + 6*h + 80. What is the units digit of i(-7)?
3
Suppose 0 = x - 264 - 932. Suppose -10 - 5 = -3*c, 3*t + x = 4*c. What is the units digit of t/(-6) - (-20)/(-15)?
4
Let k = 719 - 502. What is the units digit of k?
7
Let g(o) = 2*o + 42. Let y be g(-18). Suppose -y*u = -t - 2*u + 11, 6 = t - 5*u. What is the units digit of t?
1
Let h be (1 + 2)/(12/8). Let d(b) = 4 + 2*b**2 - 2*b**3 + b**3 - h*b - 5*b + 4*b**2. What is the units digit of d(4)?
8
Suppose -31 = -i + 3*v - 5*v, 0 = -3*v - 6. What is the units digit of -7*7/(i/(-110))?
4
Let n = -7 + 11. Suppose -2*m - 2*m + 384 = 0. Suppose -n*i = -m - 36. What is the units digit of i?
3
Suppose -9906 - 1095 = -19*a. What is the units digit of a?
9
Suppose -4*h - 5*r = -3924 + 129, h - 940 = -3*r. What is the units digit of h?
5
Let i(l) = -21 + l - 3*l - 10*l + 4*l. What is the hundreds digit of i(-23)?
1
Suppose -3*k - 2*k = -540. Suppose 3*m = 5*i + 294, -m + 2*i + k = -3*i. What is the units digit of m?
3
Let k(r) = 5*r + 1. Suppose 2*v = 2*x + 38, -2*v + 0*v - 3*x + 23 = 0. Suppose v = 3*l + l. What is the tens digit of k(l)?
2
What is the hundreds digit of 6/((-180)/5)*3*-708?
3
Let d(b) = -10*b + 25. Let s be d(13). Let w = -52 - s. What is the units digit of w?
3
Let x(z) = 91*z - 6. Let r be x(6). Suppose -2*s - r = -6*s. What is the units digit of s?
5
Suppose 17*i = 8*i + 4644. What is the hundreds digit of i?
5
Suppose -9*p + 3*v - 643 = -10*p, -1302 = -2*p + 2*v. What is the hundreds digit of p?
6
Let i = -1414 + 3806. What is the tens digit of i?
9
Let j(r) = 7*r**2 + 3*r + 2. Suppose -2*a = -6 - 2. Let s be 4*(a - 1)/(-6). What is the units digit of j(s)?
4
Suppose 0 = -19*i + 25*i + 18. Let z(w) be the second derivative of w**5/20 + w**4/6 - w**3/3 + 5*w**2/2 + 2*w. What is the units digit of z(i)?
2
Let b(t) = 3*t**2 + 14*t + 8. Let h be b(-4). What is the hundreds digit of (1 + h/(-2))*(102 - 1)?
1
What is the hundreds digit of (1762/4)/((-5)/(-10)) + 0?
8
Let g(j) = -j**3 + j**2 + 3*j + 2. Let k(q) = -q**2 + 1. Let d(m) = g(m) - k(m). Let l be d(-2). Let w = 13 - l. What is the units digit of w?
2
Suppose -2*f = -3*l - 2026, f + 4*l = 2*l + 1006. What is the thousands digit of f?
1
Suppose -2*i = 2*c - 46 - 104, 16 = -4*c. Suppose 2*l + 0*q + q - i = 0, -2*q - 88 = -2*l. What is the units digit of l?
1
Let o = -1328 - -2060. What is the units digit of o?
2
Let o(x) = -3*x**3 + 5*x**2 + 12. Let s be o(5). Let r = 356 + s. Suppose 3*l - 5*l = -r. What is the units digit of l?
9
Let r = 515 - 189. Suppose -3*o + 16 = -r. What is the hundreds digit of o?
1
Let l(q) = q + 11. Suppose -7*y + 3*y + 8 = 0. Suppose 27 - 7 = y*g. What is the tens digit of l(g)?
2
Suppose -80 = 4*m - 4*c, 3*c + 0 - 90 = 5*m. Let k = m - -48. Suppose -k - 100 = -7*s. What is the units digit of s?
9
Suppose -4*v - 4*k = -3004, -300 = -v + k + 441. What is the hundreds digit of v?
7
Suppose -5*j = -7*n + 4*n - 206, 0 = -2*j - 2*n + 92. What is the units digit of j?
3
Suppose 2*i = m - 14, 2*i + 26 = 3*m + 4. Suppose -w + m*w - 180 = 0. What is the units digit of w?
0
Let s(q) be the second derivative of 1/6*q**3 + 0 + 6*q**2 - 5*q. What is the units digit of s(-9)?
3
Suppose 3*h - 37 - 9 = -2*i, h - 3*i - 8 = 0. Let s = -284 + 235. What is the units digit of (-14)/s - (-472)/h?
4
Let c = 25 + -20. Suppose -c*j - 242 + 63 = -2*q, -5*j = q - 97. Let x = -49 + q. What is the tens digit of x?
4
Let v(c) = 32*c**2 - c + 1. Let n be v(-3). Suppose 3*r = o + n, 2*r - 3*o = -6*o + 213. What is the tens digit of r?
9
Let k(w) = 2*w**3 + 9*w**2 - 6*w - 5. Let j be k(-5). Suppose -7*p + j*p = -7. What is the units digit of p?
1
Let z(m) = m**2 + 12*m - 9. Let g be z(-13). Suppose 15 = g*q - 17. What is the units digit of q?
8
Suppose g + 3 + 3 = 0. Let y(s) = 2*s**2 + 3*s + 7. What is the tens digit of y(g)?
6
Let v(f) = -3*f**3 + 65*f**2 + 28*f + 4. What is the units digit of v(10)?
4
Let f(s) = -s**3 + 7*s**2 + 15*s - 28. What is the hundreds digit of f(-12)?
5
Let i = -22 - -25. Let a(d) = -d**2 + 3*d - 2. Let p be a(2). Suppose p = -b - i*b + 112. What is the tens digit of b?
2
Let q(i) = -219*i - 266. What is the units digit of q(-6)?
8
Let b(h) = h**3 - 14*h**2 - 14*h - 13. Let j be b(15). Let r = 6 + 12. Suppose -r = 